Let v(x) = 8*x**2 - 6*x - 3. Let r(l) = 6*v(l) - 5*w(l). Let z(h) = h**2 - h. Let q(p) = -r(p) + 4*z(p). Calculate q(2).
-4
Let b(m) = -1 + 6 + m + 0 + 1. Suppose -27 = 2*k - 15. Determine b(k).
0
Let v(c) be the first derivative of c**3/3 + 3*c**2 + 2*c - 15. Give v(-7).
9
Let i(h) = -2*h**2 - 2. Let a(d) = 2*d**2 + d + 2. Let j(f) = 4*a(f) + 3*i(f). What is j(-3)?
8
Let r(q) = -q**3 - 6*q**2 - 5*q - 3. Let b be 5/(10/(-4))*2. Calculate r(b).
-15
Let g(x) = -5*x**3 - 4*x**2 - 5*x + 4. Let t(a) = 5*a**3 + 3*a**2 + 4*a - 3. Let i(w) = -4*g(w) - 5*t(w). Give i(1).
-5
Let l be (1 + 2/(-2))*1. Let z(i) = i**3 - i**2 - 7. Give z(l).
-7
Suppose -40*l = -34*l - 24. Let i(x) = x**3 + 1 + 0*x**2 - 2*x - 4*x**2 + 0*x**3. Give i(l).
-7
Suppose 4 = -2*y, -2*r = 2*y - 6*y - 8. Let u(v) = -15*v + 27. Let b(q) = 7*q - 13. Let w(j) = -13*b(j) - 6*u(j). Calculate w(r).
7
Let x(f) = -2*f + 4 + f - f. Let z be 36/10 - (-10)/25. Let a be x(z). Let w(r) = 2*r + 2. Give w(a).
-6
Let l(h) = -h**3 - 5*h**2 - 6*h. Suppose -40 = -3*i - 2*n, -3*i + n - 5*n = -50. Let y = 1 - -9. Suppose y = 5*d, -3*d - i = 5*b - b. Give l(b).
8
Let g(p) = 13*p. Let i(l) = 7*l. Let h(v) = -6*g(v) + 11*i(v). Let r be 1 + -3 + (-2 - 0). Let s = r + 3. Calculate h(s).
1
Let p(q) = -10*q - 1. Let s(n) = -2*n. Let o = 6 + 3. Let x(f) = o*s(f) - 2*p(f). Determine x(-5).
-8
Let a(t) = 9*t + 2. Let k be a(2). Suppose 2*v - k = -2*v. Let c(z) be the first derivative of z**2/2 - z + 1. Determine c(v).
4
Suppose 0 = -2*z - 4*s + 14, 5*z + 11*s - 9*s = 11. Let q be 1 + (1 - 2)*1. Let f(i) = q*i - i - 4*i. Give f(z).
-5
Suppose 2*c + 32 = -2*c. Let o = -5 - c. Let l(f) = -5*f + 6*f - 3 + 0*f**o - f**3 + 3*f**2. Calculate l(3).
0
Let i(j) be the first derivative of -j**4/4 + 4*j**3/3 - j**2 + 3*j - 5. Give i(4).
-5
Let f(s) = -s**2 - 7 - 11*s + 2 + 14*s. Let w(d) = -d - 1. Let r be w(-5). Calculate f(r).
-9
Let d(r) be the second derivative of 0*r**2 - r - 1/12*r**4 + 0 + r**3. Determine d(6).
0
Let x(u) = u**2 + 11*u + 11. Suppose -3*q + 70 = -10*q. Give x(q).
1
Let a(x) = x**2 - 8*x + 3. Suppose -5*b + 15 = 0, 0*b - 18 = -3*i + b. Determine a(i).
-4
Let y(f) = -2*f**2 + 4*f. Let i(t) = -11*t**3 + t**2. Let n be i(-1). Let c = 15 - n. What is y(c)?
-6
Let f(v) be the second derivative of -v**4/12 - v**3/6 - v**2/2 + 6*v. Calculate f(-1).
-1
Suppose c = -3*k + 18, -2*c + 5*k = 4*k - 1. Suppose 0*b - 4*b + 16 = 0. Let n(i) = i + b - c + 4*i - i. What is n(-1)?
-3
Let v(d) be the first derivative of -d**3/3 + 5*d**2/2 + 7*d + 1. Give v(5).
7
Let r(x) = 23*x. Suppose 15*d - 9*d + 6 = 0. Determine r(d).
-23
Suppose 0 = -b - 18 + 57. Let k(i) = -b*i**2 - 6 + 0 + 40*i**2 - 6*i. Calculate k(6).
-6
Let r(p) = -p**2 - 1. Suppose 3*c = 2*t - 12, 0 = -2*c - 2*t - 1 - 7. Calculate r(c).
-17
Let a(m) = -27*m**3 + m**2 - m. Let t = 59 - 58. Calculate a(t).
-27
Let b be (-1)/(-1) - 0/(-10). Let w(m) = 8*m**3 - m**2 - m + 1. Determine w(b).
7
Let c(x) = 5*x + 4. Let n(s) = -3*s - 3*s + 5*s. Let y(k) = -c(k) - 6*n(k). Determine y(6).
2
Let z(w) = 6*w - 9. Let a be z(9). Suppose -4*u + 22 = 5*p - a, -4*u + 61 = 3*p. Let s = u - 7. Let j(r) = 2*r - 8. Give j(s).
4
Let q(s) = 6 - 2*s**2 - 3*s + 2*s**3 - 4 + 4*s. Give q(2).
12
Let r(s) = -7*s + 8*s - 5*s. What is r(2)?
-8
Let k(o) = -o**3. Let d(u) = -u - 2. Let g be d(-5). Suppose -g = -2*q - 3*y + 1, 5*q + 2*y = 10. What is k(q)?
-8
Let w(h) = -2*h**3 + 7*h**2 - 5*h - 3. Let v(b) = b**3 - 3*b**2 + 2*b + 1. Let q(i) = -5*v(i) - 2*w(i). Calculate q(2).
-3
Let j be ((-95)/15 + 6)*0. Let l(o) be the second derivative of 5/6*o**3 + j + 3/2*o**2 + 2*o. Calculate l(-2).
-7
Let k(w) be the third derivative of w**6/120 + w**5/30 - w**4/6 - w**3/6 - 3*w**2. Determine k(-3).
2
Suppose -5*x = -0 - 5. Suppose 5*f + 6 = x. Let s(j) = 7*j**3 - j**2 + 1 - j - 1 - 1. What is s(f)?
-8
Suppose -2*o + 16 = -2*d, d - 5*o + 0*o + 20 = 0. Let b(v) = -v**2 - 3*v + 5. Calculate b(d).
-5
Let m(q) = 2*q - 3. Let l be m(3). Let b(c) = 2*c + c**2 + 1 + c - l*c - 2*c. Give b(4).
9
Let m(n) = -3*n - 2. Let i(r) = -6*r - 5. Let a(v) = -2*i(v) + 5*m(v). Give a(-1).
3
Suppose -2*g - 2*g = -8. Let j(h) = -5*h**3 + 2*h**2 + 1 - 5*h**2 + h**g. Let o = -1 + 0. Calculate j(o).
4
Let w = 0 + 3. Suppose -5 - 4 = -w*j. Let n(z) = 3*z. Determine n(j).
9
Let w(g) = -g - 6. Suppose -2*h + 1 + 81 = 0. Suppose -v + 5*v - h = 5*k, -1 = v + k. Suppose -v*m - 24 = -0*x + 4*x, 0 = 2*m - 2*x + 8. Calculate w(m).
-1
Let m(j) = j. Let l be m(5). Let v(y) = 0*y + 2*y - l*y**2 + 2*y + y**3. What is v(4)?
0
Let s = 13 - 10. Let w(p) be the third derivative of 0 - 5/24*p**4 + 1/60*p**5 + 2/3*p**s + 0*p + 2*p**2. Determine w(4).
0
Let r(z) = -z + 2. Let q(h) = -h + 3. Let l(s) = -3*q(s) + 2*r(s). Let x be (2 + -1)/(1/3). Suppose x*p = -0*p. What is l(p)?
-5
Suppose -111 - 79 = 5*g. Let k be 20/70 - g/14. Let n(c) = c + 3. What is n(k)?
6
Let p(v) = -2*v**2 + 2*v + 1. Let t be (-1)/(2/(-8)*-4). Let b be p(t). Let r(l) = l - 1. Calculate r(b).
-4
Let q be -10*(3/9 + (-1)/(-6)). Let c(y) = -y - 7. Determine c(q).
-2
Let i(d) = -13*d**2 - d. Suppose 5*y = -4*u + 11, -3*y - 3*u + 8 = y. Calculate i(y).
-12
Let v(g) be the third derivative of g**6/30 + g**5/30 - g**3/6 - 5*g**2. Determine v(-1).
-3
Let m(z) = -z**3 - 5*z**2 + z + 6. Let a = -10 + 7. Let h = 0 - a. Suppose -3*t - 18 + h = 0. Determine m(t).
1
Let z(t) = -1. Let v(j) = j**2 + 5*j - 5. Let o(s) = v(s) - 4*z(s). Determine o(-6).
5
Let r(f) = -f**3 + 6*f**2 + 2*f - 8. Let n be r(6). Let z(d) = -3*d + n - 12*d - 5. Determine z(-1).
14
Let x(p) be the second derivative of p**5/20 + 5*p**4/12 - p**3 + p**2 - 2*p + 10. Determine x(-6).
2
Let z(b) be the second derivative of -b + 1/2*b**3 + 0*b**2 + 0. Suppose -4 = -2*o - 2. What is z(o)?
3
Suppose 5*y = -3*l + 23, 2*y - 4*y - 3*l + 11 = 0. Let u(s) = -s**2 + 4*s - 6. Calculate u(y).
-6
Let g(q) = 15*q + 5. Let w(x) = -8*x - 3. Let h(l) = -4*g(l) - 7*w(l). Give h(-2).
9
Let c(f) = f - 16. Let p be c(14). Let z(q) = -q - 6. Let w(h) = 4*h + 19. Let r(k) = p*w(k) - 7*z(k). What is r(-5)?
9
Let o be (2/4)/((-1)/(-2)). Let k(t) = -11*t - 3. Let v(j) = 1. Let a(q) = k(q) + 4*v(q). What is a(o)?
-10
Let q(y) = y**3 + 4*y**2 + 2*y. Let u be q(-3). Let w(f) be the first derivative of -f**4/4 + 5*f**3/3 - 2*f**2 + 2*f - 4. Give w(u).
8
Let h be (26 - 23)*1*-1. Let o(u) = 2*u + 1. Calculate o(h).
-5
Suppose 15 = -5*k - 4*f, -5*k - 12 = -k - f. Let v(c) = -c**3 - 2*c**2 - 3. What is v(k)?
6
Let j(b) = 21 - 12 - 10 - b. Calculate j(4).
-5
Let b be (-3 - (3 - 7))*1 - -5. Let k(v) = 11*v**3 + 12*v**2 + 2*v - 7. Let w(p) = -5*p**3 - 6*p**2 - p + 3. Let s(a) = -6*k(a) - 13*w(a). Determine s(b).
9
Let i = -33 + 34. Let p(a) = -a**2 + 3*a - 1. What is p(i)?
1
Suppose -5 = -2*v + 3. Suppose w = v*w - 6. Let s(y) = y + 2. Give s(w).
4
Let u(h) = -15*h**2 + 1. Suppose -5*a - 3*s + 10 = 0, -5*a + 3*s + 10 = -0*s. Suppose -2*o - 11 = -5*y + a*y, 0 = 2*o + 5*y - 13. Calculate u(o).
-14
Let t(h) be the third derivative of h**4/8 - h**3/2 + 18*h**2. Give t(6).
15
Suppose 6 = -4*y - 2. Let x(h) = 5*h - 2. Let u(g) = -4*g + 2. Let n(w) = y*x(w) - 3*u(w). Determine n(5).
8
Let j(q) = 8*q**3 - 2*q**2 + 20*q + q**3 - 22*q + 3. Let b(t) = -5*t**3 + t**2 + t - 1. Let s(l) = 11*b(l) + 6*j(l). Calculate s(0).
7
Let a(u) = -u**3 - 2*u**2 + 4*u. Let i be a(-3). Let y(k) = k - 4. Let h be y(8). Let w(b) = -b + 1 - h*b + 2*b + 2*b. What is w(i)?
4
Let l = 9 - 5. Suppose i = -i - 3*t + l, -8 = -4*i + 4*t. Let n(c) = c**3 + c**2 - 3*c + 2. What is n(i)?
8
Suppose -6*t = -3*t + 2*b, -b = -2*t + 7. Let w(n) = 12 - 4*n + n**t + n**2 - 13. Determine w(3).
5
Let y = -2 + 5. Let z(x) = -3*x + 3*x - 2*x + 4*x**2 - x**y + 4. Calculate z(4).
-4
Let t be (-9 - -1 - -3) + -2. Let h(v) = v + 10. Give h(t).
3
Let q(m) = 2*m - 3. Suppose -2*d - 7 = -85. Suppose -3*w = w + 2*v - 18, -5*w = -3*v - d. Calculate q(w).
9
Let q(x) = -x**2 - 4*x + 6. Let k(j) = -2*j**2 - 7*j + 12. Let y = 10 + -17. Let b(z) = y*q(z) + 4*k(z). Let d(a) = a**2 - 5*a + 4. Let g be d(4). What is b(g)?
6
Let r(s) = 4*s**3 - 25*s**2 + s + 19. Let m(j) = -j**3 + 8*j**2 - 6. Let f(u) = 7*m(u) + 2*r(u). Determine f(-5).
11
Let r(w) = -w**2 - w + 8. Let v = -6 + 6. Calculate r(v).
8
Let v(o) = o**3 + 17*o**2 